 + 4*n**2 + 4. Let q be u(-4). Suppose f - 3 = 4*a + q, -f + 1 = -2*a. Let x = -2 - f. List the prime factors of x.
3
Let f(v) = 3*v**2 + 3*v - 17. What are the prime factors of f(9)?
11, 23
Suppose 10*l - 20 = 5*l. What are the prime factors of l/6*-3 + 21?
19
Let p = 23 - -35. List the prime factors of p.
2, 29
Let t(a) = a - 9. Let w be t(9). Suppose w*h = -h - 8. Let l(v) = -2*v - 4. List the prime factors of l(h).
2, 3
Suppose -5*w + 195 = 5*v - 190, 306 = 4*v + 5*w. List the prime factors of v.
79
Let u(b) = b**3 - 6*b**2 - 6*b - 5. Let v be u(5). Let f = v - -95. List the prime factors of f.
5, 7
Suppose 0 = -4*c - 4*f + 8 + 32, 4*c - 16 = 4*f. Let i = 13 - c. What are the prime factors of i?
2, 3
Let f = -3 + 1. Let t = f - -4. Suppose -3*c + 24 = 2*x, -5*c = -t*c. List the prime factors of x.
2, 3
What are the prime factors of -1 - (-1 + -2*11)?
2, 11
Suppose b = -b + 4. Let v(l) = l - 10. Let k be v(12). Suppose k*p - 3*p = 2*f - 29, -b*f + 23 = -5*p. What are the prime factors of f?
2, 7
Let o be (4 + -3)*84/2. Suppose 0 = -5*n + 20, 2*a + 0*n - o = -4*n. What are the prime factors of a?
13
Let x(f) = f**3 - 7*f**2 + 10*f - 8. Suppose 0 = -3*b - 3*p + 3, -8*b = -3*b - 5*p - 55. List the prime factors of x(b).
2
Let n be 3/(-18)*2*3. Let x = 7 + n. What are the prime factors of x?
2, 3
Let f be (-14)/(-8)*(1 - 5). Let p = f + 22. What are the prime factors of p?
3, 5
What are the prime factors of (85/(-3))/(-1 + (-10)/(-12))?
2, 5, 17
Let p = 198 - 136. Let y = p + -35. What are the prime factors of y?
3
Let s = -35 + 71. What are the prime factors of s?
2, 3
Let s(c) = -7*c - 2 - 3 + 5. What are the prime factors of s(-2)?
2, 7
Suppose -d = 4*n - 21, -3*d - 3*n + 19 = -2*n. Suppose 0 = g - d*g + 44. Suppose 3*i - 13 = -3*l - 2*i, 0 = 2*l + i - g. List the prime factors of l.
2, 3
Let l = 17 + -27. Let g(w) = -2*w**2 - 3*w - 3. Let b(i) = -5*i**2 - 10*i - 10. Let v(s) = l*g(s) + 3*b(s). What are the prime factors of v(1)?
5
Suppose 0 = -3*j - 0*j + 36. Suppose -3*q = -6*q - j. What are the prime factors of (q + -1)*18/(-10)?
3
Suppose -25 + 0 = -b. Suppose 2*j + 3*j = b. List the prime factors of j.
5
Let z be 9/12 + (-23)/4. Let t be 3*(-4)/(-30)*z. What are the prime factors of t/(-5) - (-476)/35?
2, 7
Suppose -5*h - 5*g + 0*g + 20 = 0, -5*g = -5*h - 20. Suppose 5*t - t = h. Suppose 0 = -2*d - t*d + 30. List the prime factors of d.
3, 5
What are the prime factors of 33/(-198) - (589/(-6) - 1)?
3, 11
Let w = -44 - -94. Suppose -14 = 4*l - w. What are the prime factors of l?
3
Let p(a) = a**3 - 15*a**2 + 18*a - 17. What are the prime factors of p(14)?
3, 13
Let m = -6 - -8. Suppose -5 = -i + m. What are the prime factors of i?
7
Suppose 0 = 2*m + 6 + 6. Let s(u) = u**3 + 5*u**2 - 6*u + 5. Let w be s(m). List the prime factors of 3 + (w - 0/(-2)).
2
Suppose 0 = 3*u + 68 - 509. What are the prime factors of u?
3, 7
Let v be (-6 - -34)*(-1)/(-1). Suppose -3*z = 3*s + v - 133, 4*z - 122 = 2*s. Let p = z + -16. List the prime factors of p.
2
Suppose 4*j - 813 = 723. What are the prime factors of j?
2, 3
What are the prime factors of (-211)/(-3) - (4/(-3))/(-4)?
2, 5, 7
Let y be (17 + -2)/((-6)/4). What are the prime factors of 5/y + 171/6?
2, 7
Suppose 0 = 4*x - 4*n - 4, -7 = -0*x - 2*x - 3*n. What are the prime factors of x?
2
List the prime factors of 8/(8/(-4)) + 187.
3, 61
Suppose 4*i - 360 = -4*y - 120, 3*y - 56 = -i. What are the prime factors of i?
2, 31
List the prime factors of 0 - -1 - 3 - (-87 + 9).
2, 19
Let m = 100 + -67. What are the prime factors of m?
3, 11
Suppose -4*w = 3*v - 10, v + 4*v - 11 = -w. Suppose -5*f - 4*k = -97, -k - 1 = w. Let c = -12 + f. List the prime factors of c.
3
Let n(b) = -6*b + 21. What are the prime factors of n(-14)?
3, 5, 7
Let n = 68 - 34. List the prime factors of n.
2, 17
Suppose 2*u + u - 38 = -n, -179 = -5*n - 4*u. List the prime factors of n.
5, 7
What are the prime factors of 34*-1*(3 + -4)?
2, 17
Let o be (1/2)/((-5)/60). Let i(q) = -q - 3. Let a be i(o). Suppose -a*s - 2*v = -5*v - 39, -3*v = -2*s + 27. List the prime factors of s.
2, 3
Suppose -5*f + h + 58 = 0, 30 = f + 2*f - 3*h. List the prime factors of f.
2, 3
List the prime factors of 7/(-3 - -1 - 33/(-16)).
2, 7
Suppose -v = -0*v - 20. Let c = v + -4. Let t = c - 11. List the prime factors of t.
5
Let u(s) = -4*s + 14. Let n(h) = -5*h + 15. Let b(c) = -3*n(c) + 4*u(c). What are the prime factors of b(6)?
5
Let z = 53 + -1. Let v = -29 + z. List the prime factors of v.
23
Let c = 3 - 8. Let a = c + 1. What are the prime factors of ((-9)/(a + 1))/1?
3
Suppose 104 = 4*o - 52. What are the prime factors of o?
3, 13
Let i(s) be the second derivative of 0*s**2 + 1/20*s**5 + 0 + 2/3*s**3 + 1/2*s**4 - 2*s. What are the prime factors of i(-5)?
5
Suppose -2*s + 22 + 134 = 4*j, j = -3*s + 219. What are the prime factors of s?
2, 3
List the prime factors of (3 + -1)*(-90)/(-20).
3
Let v(p) = 3*p**2 - 2*p - 1. Let o be v(-1). Suppose -o*w = w. Suppose -a - 3*a + 56 = w. What are the prime factors of a?
2, 7
Let p(v) = 2*v. Let c(x) = -4*x + 1. Let u(l) = -2*c(l) - 5*p(l). Let t be (((-9)/4)/3)/(2/8). List the prime factors of u(t).
2
Let v be (-1 - -6)*(-130)/25. Let b = v + 37. List the prime factors of b.
11
Let v(o) = o**3 - 7*o**2 - 8*o - 10. Let c(z) = z + 8. Let x be c(0). Let k be v(x). Let n = -1 - k. List the prime factors of n.
3
Suppose 2*l = -i - l + 12, i + 5*l = 20. Suppose -2*s + s - 4 = i. Let f(w) = -w**2 - 6*w - 4. What are the prime factors of f(s)?
2
Suppose 6*z - 272 - 166 = 0. What are the prime factors of z?
73
Let b(w) = -w**2 - 9*w + 4. Let l be b(-10). Let c = l - -8. Suppose -c*r + 2 = -r. What are the prime factors of r?
2
Suppose 3*c - 2 - 11 = -2*n, -5*c + 10 = n. Let f(l) = 1 - l - c + 2. What are the prime factors of f(-5)?
7
Let v(i) = i**3 + 7*i**2 - 7*i + 10. Suppose -2*t + 42 = -38. Suppose -5*a - 4*u - t = -a, -2*u + 36 = -5*a. What are the prime factors of v(a)?
2
What are the prime factors of (-2 + 3 + -6)*-10?
2, 5
Let f(z) = 8*z - 12. Let b(t) = 23*t - 36. Let a(d) = 4*b(d) - 11*f(d). List the prime factors of a(6).
2, 3
Suppose -4*b + 12 = -7*b. Let c = 6 + b. Suppose -c*f = -f - 17. List the prime factors of f.
17
Let l be (-16)/(-9) + (-18)/(-81). Let r = l + 25. List the prime factors of r.
3
Let m(i) = 7*i**2 - 6*i + 4. Let h(x) = -6*x**2 + 7*x - 4. Let r(o) = 6*h(o) + 5*m(o). List the prime factors of r(10).
2
Suppose -6*t + 2*t = -96. Suppose -3*y + 24 = -t. List the prime factors of y.
2
Let p = 6 - 4. Let x = 16 + -14. List the prime factors of (x - 0) + 3 + p.
7
Suppose 2*d - 20 = 2*r - 6*r, -3*d + 2 = -r. Suppose 3*y = 2*z + 37, r*y - 2*y - z = 25. List the prime factors of y.
13
Let g = -15 + 56. What are the prime factors of g?
41
Let t = 2 + -2. Let c(w) = -w**2 - w + 4. Let z be c(t). Let v(o) = 2*o + 4. What are the prime factors of v(z)?
2, 3
Let x be (7/28)/((-1)/(-4)). List the prime factors of x*-2 + 8*3.
2, 11
Suppose 2*w - 156 = -2*w. List the prime factors of w.
3, 13
Let z = 44 + -62. Let b be (21/(-2))/(z/24). List the prime factors of (-1 - -5)/(4/b).
2, 7
Suppose i - 18 + 2 = 0. Suppose 4*p - i = 48. Let s = p + -9. List the prime factors of s.
7
Suppose 22 = 4*a - 3*a. List the prime factors of a.
2, 11
Suppose 1441 = 5*p + 26. What are the prime factors of p?
283
Let j be (4/5)/(2/(-60)). Let l = 34 + -40. Let n = l - j. What are the prime factors of n?
2, 3
Let q = 3 - 0. Suppose -2*k - q - 1 = 0. List the prime factors of k/4*-10*1.
5
Suppose -2*y + 6 + 54 = 0. What are the prime factors of 2 + (-7)/((-21)/y)?
2, 3
Suppose -4*j + 6 = z, 2*z + 4*j - 62 = -3*z. Suppose -4*m = q - z, -2*q = 2*m - 7 - 15. List the prime factors of q.
2, 5
Let s be (-112)/(-18) - 4/18. Let d(y) = y**2 - 3*y - 8. What are the prime factors of d(s)?
2, 5
Let i(s) = -s**2 + 2. Let f be i(0). Let n(g) = g**2 + 2. Let o be n(f). Suppose -10 = b - o*b. What are the prime factors of b?
2
What are the prime factors of -4*(0 + -3 + -16)?
2, 19
Let g = -17 + 139. What are the prime factors of g?
2, 61
Let i = 335 + -238. Let t = i - 68. List the prime factors of t.
29
Suppose 3*m + 2*n = -74 + 320, m = 3*n + 71. List the prime factors of m.
2, 5
Let t(i) = 0*i + 3*i - 7*i**2 + i**3 - 4 + 3*i**2. L